*3 - 20*c + 5 + 0 + c**3 + i*c**2. What is the units digit of z(-10)?
1
Let c(h) be the first derivative of 25*h**2/2 - 47*h + 5. What is the units digit of c(18)?
3
Suppose 0 = g + 4*g + 893 - 23768. What is the tens digit of g?
7
Let a be (156/(-5))/(2/(-30)*-3). Let j = 180 + a. What is the tens digit of j?
2
Let o be ((-12)/9)/((-16)/24). Suppose 2*f - o*h + 142 = 1218, f - 4*h - 550 = 0. What is the tens digit of f?
3
Let u(r) = r**2 - 8*r + 17. Let z be u(6). Let l(o) = 73*o + 56. What is the units digit of l(z)?
1
Suppose 14*z - 26*z + 121268 = 16*z. What is the units digit of z?
1
Let x = 637 - 634. Suppose 3*z - 1706 = r, x*z - 2208 = -r - 500. What is the units digit of z?
9
Suppose 170*w - 175*w + 20 = 5*p, -8 = -4*w. Suppose 1519 = 2*l - 357. Suppose 9*h = p*h + l. What is the hundreds digit of h?
1
Suppose 232 = -10*p + 39*p. Suppose 0 = p*d - 1350 - 2018. What is the units digit of d?
1
Let j be -1 - -2 - (-4242 - 0). Let b = j - 2387. What is the units digit of b/40 - 4/10?
6
Let a be -9 - -8 - (-10)/2. Suppose 0 = -2*r + 2 + a. Suppose 61 = u - d, -3*u + 7*u - 237 = -r*d. What is the tens digit of u?
6
Let w be 7 + (8 - 13) + -8. What is the tens digit of (-4)/w - 14875/(-255)?
5
Suppose 4*k - 4*k = -6*k + 127242. What is the ten thousands digit of k?
2
Let o = -193 + 249. Let j = o - -177. What is the units digit of j?
3
Let x = 64 - 60. Suppose x*w = n + 16, -w - 4 = -4*n - 2*w. Suppose 5*y + 4*b = 495, b + 3*b = n. What is the units digit of y?
9
Let r = 6650 - 3506. What is the units digit of r?
4
Suppose q + 2*r = -7, -3*q - 16 = q + 4*r. What is the units digit of ((-185)/25 - q)*(-50)/4?
0
Suppose 3*f = -26*x + 34*x + 18228, 4*f - 24351 = -5*x. What is the hundreds digit of f?
0
Let x be 144/(-8)*172/6. Let d = 157 - x. What is the units digit of d?
3
Let d = 49 - 47. Suppose 0 = 2*u - d*g - 116, 5*u + 4*g = -144 + 389. Let z = u + -48. What is the units digit of z?
5
Suppose 11*r - 41 - 14 = 0. Suppose -4*j - r*t = -4*t - 1764, -j + 436 = -t. Suppose -2*q + 5*b + j + 49 = 0, -q + 237 = 5*b. What is the tens digit of q?
4
Let q be (-1*(-4)/(-4))/(7/(-161)). Suppose -4*b - 14 = -182. Let u = b + q. What is the units digit of u?
5
Let p = -1908 + 2309. What is the units digit of p?
1
Let x(p) be the second derivative of 2*p**3/3 + 45*p**2/2 + 23*p. What is the tens digit of x(28)?
5
Let w be (-18 - -19)/(2/8). Suppose w*q = 3*t - 5, 13*t - 9*t + 8 = -2*q. What is the units digit of -4 - (1 + q) - -4 - -4?
5
What is the units digit of (4*(-2)/10)/(23000422/851870 - 27)?
2
Let z(n) = 33*n + 74. Let i(w) = 50*w + 111. Suppose -23 = 13*x + 81. Let y(c) = x*z(c) + 5*i(c). What is the tens digit of y(-10)?
0
Let n(d) be the first derivative of 2*d**3/3 + 33*d**2/2 + 39*d - 54. What is the tens digit of n(-23)?
3
Suppose 5 = 8*c - 11. Suppose -3 = 3*o - c*o, 4*o = 5*l - 862. Suppose 2*x - 140 = -2*v - 0*v, 0 = 2*x - 4*v - l. What is the tens digit of x?
7
Suppose 18 = 3*u - 4*l, u + 0*l + 5*l = -13. Suppose 0 = -m - v + 282, u*m - 572 = -4*v - 0*v. What is the units digit of m?
8
Let x(s) = -7*s + 221. Suppose 0 = 7*l + l + 9*l. What is the hundreds digit of x(l)?
2
Let j(s) = -3*s + 38. Let u(t) = -t**2 - 5*t - 6. Let b = -10 + 8. Let z be u(b). What is the units digit of j(z)?
8
Suppose -2 = 3*j + 7, -a - 4*j = 13. Let z(f) = 43*f**2 + 5*f + 3. What is the tens digit of z(a)?
4
What is the units digit of -1 - -5297 - (-3 + -10 + 17 - 0)?
2
Let s = 1013 + -983. What is the hundreds digit of (4 - (-12832)/12) + (-40)/s?
0
Let w = 571 + -683. What is the tens digit of (-1 + (2 - -1))/((-7)/w)?
3
Let w be ((-1)/2 + -1)*670/15. Let j = w + 69. Suppose -2*m - 4*v = -146, -j*m - 4*v - v + 145 = 0. What is the tens digit of m?
7
Suppose -31*z + 57*z = 257712. What is the hundreds digit of z?
9
Let c(y) = -6*y**2 + 3*y + 3. Let s be c(-1). Let q be -2*s/24 + 299/2. Let u = q + -25. What is the hundreds digit of u?
1
Let a be 36/(-24) + 1/(-2). Let i(h) = 6*h - 3*h**3 - 5*h + 3 + h - h**2. What is the tens digit of i(a)?
1
Let m(h) = h + 2. Let z be m(19). Let i be 6/z - (1 - (-80)/(-14)). Suppose -i*q + 958 - 258 = 0. What is the tens digit of q?
4
Let t(p) = 2710*p + 3531. What is the ten thousands digit of t(31)?
8
Let h(u) = 2*u + 54. Let r(t) = 2*t + 53. Let a(n) = 6*h(n) - 5*r(n). What is the tens digit of a(31)?
2
Let q = 2120 - 1080. What is the units digit of q?
0
What is the hundreds digit of (27 - (-3562)/(-130))*(1 - 106056)?
4
Let c(f) be the first derivative of 67*f**3/3 + 7*f**2/2 - 11*f + 108. What is the hundreds digit of c(-4)?
0
Let q be 32 + -37 - (2 - 257). Suppose y = -4, 3*y + 1519 = 3*a + q. What is the tens digit of a?
1
Let d = 161 + -155. Suppose 372 = -d*a + 1440. What is the tens digit of a?
7
Let s = -1384 - -2311. Let y = -371 + s. Suppose 6*d - y = 362. What is the tens digit of d?
5
Let o be (42/12)/(-7) + (-14)/(-4). Suppose -4*x + 1852 = 3*l, -5*l - x + o*x + 3052 = 0. What is the units digit of l?
2
Suppose -6*h + 11257 = -1055. Suppose -2*u - 1074 = -2*x - 42, u + h = 4*x. What is the units digit of x?
2
Let y be (0/4 - -2)/(18/(-1233)). Let h = -10 - y. What is the hundreds digit of h?
1
Suppose 4*h - 13 + 17 = 0, 4*h + 13196 = 2*f. Suppose -14*y + 1566 + f = 0. What is the tens digit of y?
8
Let y be -2 - (-52)/(-9) - (-20)/(-90). What is the tens digit of 3 + y + 8 + 969?
7
Let b be (20/6)/5 + 346/(-6). Let h = -52 - b. Suppose 2*p + h*p = 105. What is the tens digit of p?
1
Suppose -10*k - 1800 = -k - 0*k. Let p = -54 - -10. Let h = p - k. What is the hundreds digit of h?
1
Let x be (18/(-12) + (-7525)/10)/(-2). Suppose 0*f + 1056 = 4*f. Suppose -2*h + 4*g + x = 113, 0 = 2*h + 3*g - f. What is the tens digit of h?
3
Let l(a) = -28*a**3 - 3*a**2 - 3*a - 5. Let v(z) = 2*z**2 + z - 3. Let k be v(-3). Suppose 3*g + 0 = -2*i + 2, 3*i + k = 3*g. What is the tens digit of l(i)?
1
Let u = -17436 - -29481. What is the ten thousands digit of u?
1
Let w(z) = 5*z**2 + 1 + 3 - 1 - z. Suppose 230*c - 227*c - 6 = 0. What is the units digit of w(c)?
1
Suppose 652*d = 659*d - 84322. What is the thousands digit of d?
2
Let g be ((-33)/6)/(2*(-3)/12). What is the tens digit of -3*24656/(-264) + (-2)/g?
8
Let l(q) = 60*q + 7503. What is the units digit of l(-46)?
3
Let g(i) = i**3 - 34*i**2 + 16*i + 11. Let a(t) = t + 43. Let w be a(-9). What is the hundreds digit of g(w)?
5
Let f(d) = -4*d**2 + 2*d + 2. Let v be f(-1). Suppose -2*x = -10*x + 528. What is the tens digit of 10086/x - v/22?
5
Let w = 27176 + 22248. What is the tens digit of w?
2
Let w be (280/42)/((-4)/6) + -1. Let x(n) = 7*n**2 - 5*n - 107. What is the tens digit of x(w)?
9
Let k = -311 + 317. Suppose -6 = 3*c, -4*c = -k*o + o + 6018. What is the thousands digit of o?
1
Let g(p) = 2*p**2 - 25*p - 20. Let o(u) = 4*u - 39. Let a be o(8). What is the hundreds digit of g(a)?
2
Suppose y - t = 0, -3*t = -2*y - 6*t + 20. Suppose f + 5*n - 111 = 92, -687 = -y*f + 5*n. What is the hundreds digit of f?
1
Let o = 23340 + -16118. What is the hundreds digit of o?
2
What is the ten thousands digit of 10031/(13*1/13)?
1
Let s be (-4 + 1)*(-138)/(-9). Let k = s + 81. Suppose p - 36 = k. What is the units digit of p?
1
Suppose 0 = 22*l - 23*l + 84. What is the units digit of (-2457)/l*(-56)/3?
6
What is the tens digit of (-19)/(114/12) - 12112/(-4)?
2
Let j = 90 + -88. Suppose 5*t - 885 = j*t. What is the hundreds digit of t?
2
Suppose -14*b + 303460 + 1302124 = 32*b. What is the units digit of b?
4
Let y(n) = -7*n + 3. Let f(r) = -13*r + 5. Let z(h) = -4*f(h) + 7*y(h). Suppose 0 = 7*p - 9*p + 30. What is the tens digit of z(p)?
4
Suppose 62*a + 4*a - 563984 = -35*a. What is the units digit of a?
4
Let f be 4 + 24/15 + (-4)/(-10). Suppose 0 = 3*t, -10*v - 5*t = -f*v - 4. What is the units digit of v?
1
Let b = 23 - 9. Let j be 7/2 + ((-91)/b)/(-13). Suppose 0*g = -4*g - 2*w + 186, j*g = 2*w + 206. What is the units digit of g?
9
Let r(q) = -8*q**3 - 19*q**2 - 86*q - 1915. What is the units digit of r(-17)?
0
Suppose -78384 + 81003 = 19*c - 525087. What is the ten thousands digit of c?
2
Suppose -5*v - 6*k = -2*k + 35, 2*v - 3*k - 9 = 0. Let m be (-2310)/(-44)*3/(v/4). What is the units digit of ((-198)/(-10))/((-63)/m)?
6
Suppose -7 = -4*g - j + 1, -7 = 3*g + 4*